6*w**2 + 23*w - 1067. What is k(46)?
-9
Let l(m) = 224*m - 1799. Calculate l(8).
-7
Let u(s) = 4*s**2 + 302*s + 448. What is u(-74)?
4
Let q(m) = -270*m + 271. Give q(1).
1
Let s(c) = -70*c - 2602. Determine s(-37).
-12
Let b(r) = 5*r**2 - 20*r + 28. Give b(7).
133
Let p(j) = 3*j**3 - j**2 - 49*j + 104. What is p(2)?
26
Let i(c) = -c**3 - 33*c**2 - 93*c + 77. Determine i(-30).
167
Let l(g) = 3*g**2 + 59*g - 11. Give l(-25).
389
Let y(a) = -81*a + 11. Determine y(-4).
335
Let g(f) = f**2 + 4*f - 30. What is g(0)?
-30
Let y(i) = -79*i**2 - 982*i + 585. Give y(-13).
0
Let k(q) = -2*q**2 - q + 91. Calculate k(8).
-45
Let i(f) = 2*f**2 + 18. Calculate i(6).
90
Let n(i) = 4*i - 35. Give n(-4).
-51
Let q(f) = -14*f**2 + 77*f + 15. Determine q(5).
50
Let h(i) = -54*i - 13270. Determine h(-246).
14
Let v(r) = r**3 + 3*r**2 - 20*r - 44. What is v(-2)?
0
Let c(u) = 2*u**3 + 198*u**2 - 1262*u - 205. Determine c(-105).
5
Let o(s) = 11*s**2 + 8*s - 24. What is o(5)?
291
Let w(t) = -9*t - 55. Determine w(-25).
170
Let r(b) = -b**2 + 15*b - 75. Give r(11).
-31
Let v(t) = 7*t**2 + 22*t - 95. Calculate v(7).
402
Let l(h) = 13*h**2 + 147*h - 98. What is l(-12)?
10
Let h(w) = 12*w - 122. Determine h(10).
-2
Let j(u) = 37*u**3 + 113*u**2 + 179*u + 529. Give j(-3).
10
Let z(n) = -n**3 - 67*n**2 - n - 62. Give z(-67).
5
Let j(i) = -69*i**2 + 125*i + 26. Calculate j(2).
0
Let d(x) = x**3 + 14*x**2 - 10*x - 28. What is d(-13)?
271
Let r(j) = 611*j + 1588. What is r(-3)?
-245
Let q(p) = 2*p**2 + 113*p + 376. Give q(-3).
55
Let r(b) = b**3 - 7*b**2 - 747*b - 73. What is r(-24)?
-1
Let x(f) = 4*f**2 - 148*f - 29. What is x(37)?
-29
Let s(l) = l**3 - 15*l**2 - 40*l - 9. Calculate s(17).
-111
Let h(x) = -x**2 + 26. Calculate h(-8).
-38
Let j(y) = -y**2 + 13*y + 106. Give j(-7).
-34
Let x(b) = 8*b**2 - 86*b + 23. Calculate x(11).
45
Let u(f) = -41*f + 113. Determine u(4).
-51
Let g(w) = w**2 + 34641*w + 173186. What is g(-5)?
6
Let i(y) = -180*y - 1450. Determine i(-8).
-10
Let u(t) = -43*t + 208. What is u(5)?
-7
Let l(j) = -22*j + 667. Give l(28).
51
Let s(p) = 8*p**2 - 785*p - 1562. Determine s(-2).
40
Let t(w) = 204*w**2 + 12037*w + 89. Determine t(-59).
30
Let g(a) = -6*a**2 + 207*a - 207. Give g(1).
-6
Let c(x) = 26*x**2 + 862*x + 137. What is c(-33)?
5
Let w(y) = y**3 - 26*y**2 - y + 14. Determine w(0).
14
Let w(m) = 26*m**2 + 335*m - 28. Calculate w(-13).
11
Let t(r) = -65*r + 421. What is t(6)?
31
Let h(f) = -f**3 + 66*f**2 - 189*f - 3. Determine h(63).
-3
Let j(q) = -96*q + 8349. What is j(87)?
-3
Let t(k) = 2*k**3 + 77*k**2 + 444*k + 12. What is t(-7)?
-9
Let o(h) = -2038*h - 18345. What is o(-9)?
-3
Let s(l) = 245*l + 16370. What is s(-67)?
-45
Let l(j) = 80*j - 5444. Determine l(68).
-4
Let n(p) = -p**2 + 34*p - 8. What is n(30)?
112
Let n(c) = c**3 - 13*c**2 + 34*c + 28. Calculate n(9).
10
Let n(w) = -w**2 + 6*w + 66. Determine n(12).
-6
Let c(o) = o**2 - 1097*o + 16225. Determine c(15).
-5
Let w(t) = -t**2 - 25*t + 563. Determine w(14).
17
Let m(z) = -4*z - 48. Give m(5).
-68
Let k(m) = -7*m**3 + 1055*m**2 + 306*m - 587. Calculate k(151).
17
Let l(f) = f**3 - 48*f**2 - 53*f + 202. Determine l(49).
6
Let q(m) = 117*m - 9870. What is q(84)?
-42
Let c(b) = -14*b + 647. Give c(38).
115
Let s(n) = n**3 - 5*n**2 - 20*n - 84. Calculate s(11).
422
Let y(w) = w**2 + 12*w + 38. Calculate y(-14).
66
Let i(w) = -21*w**2 + 1004*w + 185. Give i(48).
-7
Let l(r) = -122*r + 2458. Determine l(20).
18
Let q(o) = 4*o**2 + 408*o - 3064. Give q(-109).
-12
Let l(j) = 29*j - 903. Determine l(30).
-33
Let t(l) = -3*l**2 - 21*l - 8. Calculate t(-12).
-188
Let h(b) = 37193*b - 10. What is h(0)?
-10
Let n(o) = -288*o - 888. Calculate n(-3).
-24
Let d(m) = m**2 + 6*m + 28. Determine d(-3).
19
Let m(w) = -2*w**2 + 15*w + 609. What is m(-14)?
7
Let d(q) = 17*q + 50. What is d(2)?
84
Let c(p) = -94*p + 4894. Calculate c(51).
100
Let q(g) = -g**3 - 35*g**2 + 555*g - 51. Give q(-47).
372
Let y(t) = 5*t**2 - 2*t - 164. Determine y(0).
-164
Let p(u) = u**2 + 23*u + 17. Give p(-23).
17
Let o(i) = -25*i**2 + 13*i + 8. Determine o(-1).
-30
Let x(v) = v**2 + 462*v - 9130. Give x(19).
9
Let f(c) = c**3 - 6*c**2 + 73*c - 717. Give f(8).
-5
Let u(a) = 1398*a - 15384. What is u(11)?
-6
Let g(f) = -2*f**2 + 117*f - 1188. Give g(41).
247
Let q(w) = 5*w**2 + 200*w + 854. Calculate q(-35).
-21
Let i(b) = b**2 + 56*b + 230. What is i(-4)?
22
Let f(m) = -m**3 + 16*m**2 + 21*m - 295. What is f(13)?
485
Let q(p) = 6*p**2 + 623*p - 2491. Give q(4).
97
Let a(h) = 5*h**2 + 56*h - 4550. Determine a(25).
-25
Let n(m) = 162*m + 208. Calculate n(-1).
46
Let v(t) = -t**3 - 36*t**2 - 73*t - 166. Calculate v(-34).
4
Let c(f) = -f**3 - 49*f**2 + 455*f - 60. Determine c(-57).
-3
Let b(y) = 41*y**2 - 207*y + 16. Determine b(5).
6
Let l(b) = -7*b**2 + 24*b + 13. Determine l(6).
-95
Let q(f) = -57*f**3 + 2*f**2 + 8*f - 2. Give q(-2).
446
Let p(h) = 2*h**3 - h**2 + 5*h - 1. What is p(2)?
21
Let s(h) = 284*h**3 + 17*h**2 - 14*h - 1. Calculate s(1).
286
Let a(b) = b**3 - 45*b**2 - 2*b + 99. What is a(45)?
9
Let z(g) = -g**3 + 49*g**2 - 153*g + 686. Give z(46).
-4
Let m(i) = -i**2 - 22*i - 101. Determine m(-9).
16
Let a(t) = t**3 + 37*t**2 - 81*t + 17. What is a(-39)?
134
Let h(d) = d**3 + 9*d**2 + 9*d - 7. What is h(-5)?
48
Let y(n) = -1794*n + 12569. Give y(7).
11
Let c(l) = 6751*l + 27008. Determine c(-4).
4
Let i(a) = -73*a + 43. Give i(1).
-30
Let i(b) = -b**3 - 9*b**2 + 43*b + 85. Determine i(-12).
1
Let h(c) = -c**3 + 20*c**2 + 167*c - 155. What is h(-7)?
-1
Let y(a) = 3*a**2 - 160*a + 1126. Determine y(45).
1
Let j(m) = 1543*m - 24664. Give j(16).
24
Let f(g) = -g**3 + 134*g**2 + 838*g + 225. Determine f(140).
-55
Let y(o) = 5*o**2 - 89*o + 12. Give y(17).
-56
Let u(n) = -8*n**2 - 108*n + 221. What is u(2)?
-27
Let h(q) = -983*q - 5908. What is h(-6)?
-10
Let n(o) = -14*o**2 - 238*o + 73. What is n(-17)?
73
Let d(v) = -6*v**2 + 5*v + 2. Determine d(-1).
-9
Let i(n) = -7*n + 1019. Calculate i(147).
-10
Let w(o) = 6*o**3 + 35*o**2 + 7*o + 14. Calculate w(-5).
104
Let n(x) = 25*x - 284. Determine n(10).
-34
Let n(p) = -8*p**3 - 44*p**2 - 19*p - 31. Calculate n(-5).
-36
Let x(m) = -10*m**3 - 43*m**2 + 20*m - 18. What is x(-5)?
57
Let y(o) = o**3 - 16*o**2 - 81*o + 11. What is y(20)?
-9
Let t(g) = -g**3 - 5*g**2 + 25*g - 7. Give t(-8).
-15
Let i(t) = t**3 - 11*t**2 + 524*t - 3475. Calculate i(7).
-3
Let w(y) = -2*y**3 - 3*y**2 + 67*y + 291. Give w(-4).
103
Let o(x) = 594*x + 1141. Determine o(-2).
-47
Let n(t) = 7*t + 422. What is n(-15)?
317
Let y(k) = -497*k + 29831. Give y(60).
11
Let y(z) = -156*z + 5099. Determine y(33).
-49
Let a(m) = m**2 - 222*m + 11343. Determine a(80).
-17
Let d(r) = -r**2 + 265*r + 1630. Give d(-6).
4
Let o(z) = -2*z**2 + 60*z - 226. Determine o(4).
-18
Let y(i) = -i**3 - 37*i**2 - 111. Give y(-37).
-111
Let i(x) = 3357*x + 30240. What is i(-9)?
27
Let j(l) = -393*l + 390. Calculate j(1).
-3
Let d(a) = 793*a + 713. Calculate d(-1).
-80
Let s(m) = 111*m**2 - 774*m - 7. Give s(7).
14
Let s(j) = 20*j**2 - 92*j - 34. Give s(5).
6
Let v(w) = -60*w - 920. Give v(-12).
-200
Let k(m) = 10*m**2 - 28*m + 39. Calculate k(5).
149
Let m(i) = -57*i - 95. Give m(-5).
190
Let w(n) = -109*n - 258. Determine w(-3).
69
Let k(t) = -t**3 + 19*t**2 + 52*t - 1606. Determine k(16).
-6
Let r(o) = -o**3 - 8*o**2 + 15. Calculate r(-6).
-57
Let h(l) = -2*l**2 + 9*l - 113. Give h(6).
-131
Let n(f) = 77*f**3 - 18*f**2 + 25*f - 6. Calculate n(1).
78
Let f(l) = l**2 + 68*l - 28. What is f(-58)?
-608
Let t(a) = -130*a + 260. What is t(2)?
0
Let q(p) = -59*p. Calculate q(1).
-59
Let i(n) = 6*n - 44. Give i(13).
34
Let u(f) = -4*f**3 - 225*f**2 - 62*f - 331. Calculate u(-56).
5
Let g(i) = -660*i - 64019. Give g(-97).
1
Let s(f) = 9*f - 42. Give s(6).
12
Let j(w) = w**3 + w**2 - 19*w - 44. What is j(-5)?
-49
Let h(g) = 4699*g - 23508. Calculate h(5).
-13
Let l(x) = 2614*x + 13145. Calculate l(-5).
75
Let c(m) = 8*m**3 + 295*m**2 - 39*m - 61. Give c(-37).
13
Let x(r) = 3*r**3 + 80*r**2 + 212*r - 7. Determine x(-3).
-4
Let u(l) = -12*l**3 + 497*l**2 - 204*l - 55. Give u(41).
-14
Let i(o) = o**2 - 22*o - 190. Give i(29).
13
Let w(l) = l**3 - 43*l**2 + 447*l + 1. Calculate w(17).
86
Let l(y) = -5*y**2 - 10*y + 3. Determine l(-7).
-